11898 and 2191876.
1322
What is the greatest common divisor of 2 and 2382118?
2
What is the highest common factor of 132 and 377263326?
66
Calculate the greatest common factor of 28212958 and 13289.
137
What is the greatest common divisor of 13658088 and 51816?
3048
Calculate the highest common factor of 257999572 and 12.
4
What is the greatest common divisor of 71910 and 594660?
510
What is the highest common divisor of 2492 and 1328?
4
Calculate the highest common divisor of 75208 and 545416.
632
What is the highest common divisor of 402 and 16095678?
402
What is the highest common factor of 58 and 4450694?
2
Calculate the highest common divisor of 2516 and 1447218.
74
Calculate the greatest common factor of 165254 and 585226.
106
Calculate the greatest common factor of 14332851 and 234.
117
What is the highest common divisor of 90636 and 104496834?
6474
Calculate the highest common divisor of 27384 and 279382.
326
Calculate the greatest common divisor of 818 and 73577873.
409
What is the highest common divisor of 294184 and 23848?
88
Calculate the greatest common divisor of 6660 and 337296255.
555
What is the highest common divisor of 226 and 78068197?
113
Calculate the greatest common factor of 14234 and 69535031.
647
Calculate the highest common factor of 4033 and 607398031.
4033
What is the greatest common divisor of 1101338 and 69937?
679
What is the highest common divisor of 205 and 104069644?
41
What is the highest common factor of 5561949 and 23892?
543
What is the greatest common factor of 75011920 and 17006?
1546
What is the greatest common divisor of 7 and 56170541?
7
Calculate the highest common factor of 54 and 7026486.
6
Calculate the highest common divisor of 8136 and 56852560.
904
What is the greatest common divisor of 327 and 5185893?
327
What is the highest common factor of 4092 and 21901748?
1364
Calculate the greatest common divisor of 9751874 and 8437.
649
What is the highest common factor of 695 and 18061243?
139
Calculate the highest common divisor of 54 and 57295890.
54
Calculate the highest common factor of 15679071 and 60852.
1383
Calculate the highest common divisor of 851 and 2019170.
23
What is the greatest common factor of 9070506 and 2322?
774
What is the greatest common divisor of 42 and 259620333?
21
Calculate the greatest common factor of 34999838 and 34.
34
What is the greatest common divisor of 4424807 and 5969?
127
What is the highest common divisor of 994 and 632940?
14
What is the highest common factor of 39396 and 654360?
84
Calculate the highest common divisor of 11322445 and 1660.
415
What is the greatest common factor of 2687384 and 37037?
259
What is the highest common factor of 8954 and 109594?
74
Calculate the greatest common divisor of 2533896 and 2376.
216
Calculate the highest common factor of 86597639 and 4535.
907
Calculate the highest common divisor of 36 and 1875092.
4
Calculate the highest common divisor of 3586 and 217162.
22
Calculate the highest common divisor of 21 and 4791689.
7
What is the highest common divisor of 3249 and 96748?
361
What is the greatest common factor of 462 and 36337455?
231
Calculate the highest common divisor of 1805563 and 111.
37
Calculate the greatest common factor of 2291 and 20677.
29
Calculate the greatest common factor of 6696 and 11635416.
2232
What is the highest common divisor of 1093340054 and 62?
62
Calculate the highest common divisor of 2796483 and 4029.
51
Calculate the highest common factor of 11481 and 12808969.
3827
Calculate the greatest common factor of 511 and 10766551.
73
What is the highest common divisor of 6323361 and 267?
267
Calculate the highest common divisor of 7182 and 5958039.
57
Calculate the greatest common factor of 1517 and 187903.
41
Calculate the greatest common divisor of 5043 and 13868988.
123
Calculate the greatest common factor of 2442 and 1930142.
74
Calculate the greatest common divisor of 2666251 and 4541.
19
Calculate the greatest common factor of 59040 and 71520.
480
What is the greatest common factor of 3978950 and 50?
50
What is the highest common factor of 66924 and 4901?
169
What is the highest common factor of 96782 and 686?
14
Calculate the greatest common divisor of 4964 and 2000628.
68
What is the highest common factor of 32 and 65714416?
16
Calculate the highest common factor of 30 and 889967865.
15
What is the greatest common factor of 22869 and 101277?
3267
Calculate the highest common factor of 25515 and 18348435.
315
Calculate the highest common divisor of 2364792 and 64.
8
What is the greatest common factor of 223112 and 174849?
167
What is the greatest common divisor of 4690390 and 1150?
230
What is the greatest common factor of 102910 and 29930?
410
Calculate the highest common factor of 7811 and 192574.
73
Calculate the greatest common factor of 93323050 and 100.
50
Calculate the greatest common factor of 1377963 and 13.
1
Calculate the greatest common divisor of 1363770 and 360.
90
Calculate the greatest common factor of 4596253 and 2007.
223
What is the greatest common divisor of 46725 and 1571829?
1869
Calculate the highest common factor of 40229 and 7698517.
821
What is the highest common divisor of 6610 and 11600?
10
Calculate the greatest common factor of 5292 and 9124584.
588
What is the highest common divisor of 2107 and 79303825?
43
What is the highest common divisor of 1035 and 1845405?
1035
Calculate the highest common factor of 478602 and 348.
6
What is the greatest common factor of 30336 and 873984?
384
Calculate the highest common divisor of 8 and 22571336.
8
What is the greatest common factor of 260268 and 152520?
492
What is the greatest common divisor of 1530 and 146736?
18
What is the highest common divisor of 16461 and 238755831?
5487
Calculate the highest common factor of 10712089 and 2254.
23
Calculate the greatest common divisor of 438708 and 42.
6
What is the greatest common factor of 5027 and 2864081?
11
What is the highest common divisor of 910 and 31768870?
70
What is the greatest common factor of 240406 and 2698?
142
What is the highest common divisor of 1055106 and 35478?
486
What is the highest common factor of 13330 and 17774222?
2666
What is the greatest common factor of 1136 and 1859584?
16
What is the greatest common factor of 457224945 and 10525?
2105
Calculate the highest common divisor of 7565 and 929815.
85
What is the highest common factor of 12560918 and 194?
194
What is the greatest common factor of 151202070 and 30?
30
What is the greatest common divisor of 40672756 and 4?
4
What is the highest common divisor of 984 and 11556288?
24
What is the highest common factor of 13924 and 132868?
236
Calculate the highest common factor of 7566831 and 252.
9
What is the highest common divisor of 59 and 289013565?
59
What is the greatest common divisor of 2234385 and 4293?
81
Calculate the greatest common divisor of 126364 and 462.
14
What is the greatest common factor of 91 and 840775?
13
What is the greatest common factor of 173361580 and 3220?
3220
Calculate the greatest common factor of 723840 and 5824.
832
What is the greatest common factor of 36618032 and 77?
11
Calculate the greatest common factor of 3262724810 and 5765.
5765
Calculate the greatest common factor of 2762560 and 3916.
356
What is the highest common divisor of 116 and 3734098?
58
Calculate the greatest common divisor of 9 and 113815341.
9
What is the greatest common factor of 24990257 and 29?
29
What is the greatest common divisor of 15346212 and 49?
49
Calculate the highest common factor of 230357190 and 1289.
1289
Calculate the greatest common divisor of 65036 and 157552.
916
What is the highest common divisor of 138 and 1639509?
69
Calculate the highest common factor of 6940 and 19038155.
1735
Calculate the highest common divisor of 1454490 and 1215.
135
Calculate the greatest common divisor of 4400 and 19203800.
2200
Calculate the highest common divisor of 1104825 and 1600.
25
What is the greatest common factor of 4351 and 71207321?
229
Calculate the highest common divisor of 1416 and 114004284.
708
What is the greatest common factor of 109367388 and 4392?
2196
What is the greatest common factor of 6633 and 1177659?
603
What is the greatest common factor of 2466849 and 10901?
11
What is the 